{"id":281,"date":"2025-09-18T10:19:06","date_gmt":"2025-09-18T10:19:06","guid":{"rendered":"https:\/\/denizgiray.com\/?page_id=281"},"modified":"2025-10-20T17:05:40","modified_gmt":"2025-10-20T17:05:40","slug":"sorvey-yaptigimiz-markalar","status":"publish","type":"page","link":"https:\/\/denizgiray.com\/?page_id=281","title":{"rendered":"S\u00f6rvey yapt\u0131\u011f\u0131m\u0131z markalar"},"content":{"rendered":"\n<p class=\"has-theme-palette-2-color has-text-color has-link-color has-medium-font-size wp-elements-2792897e43d6dab4aa3a7d242f8af265\">Sat\u0131n Al\u0131m \u00d6ncesi Kond\u00fcsyon S\u00f6rveyi Yapt\u0131\u011f\u0131m\u0131z Markalar<\/p>\n\n\n\n<figure class=\"wp-block-image size-large\"><img fetchpriority=\"high\" decoding=\"async\" width=\"761\" height=\"1024\" src=\"https:\/\/denizgiray.com\/wp-content\/uploads\/2025\/09\/image-61-761x1024.png\" alt=\"\" class=\"wp-image-297\" srcset=\"https:\/\/denizgiray.com\/wp-content\/uploads\/2025\/09\/image-61-761x1024.png 761w, https:\/\/denizgiray.com\/wp-content\/uploads\/2025\/09\/image-61-223x300.png 223w, https:\/\/denizgiray.com\/wp-content\/uploads\/2025\/09\/image-61-768x1034.png 768w, https:\/\/denizgiray.com\/wp-content\/uploads\/2025\/09\/image-61.png 927w\" sizes=\"(max-width: 761px) 100vw, 761px\" \/><\/figure>\n\n\n\n<figure class=\"wp-block-image size-large\"><img decoding=\"async\" width=\"724\" height=\"1024\" src=\"https:\/\/denizgiray.com\/wp-content\/uploads\/2025\/09\/image-65-724x1024.png\" alt=\"\" class=\"wp-image-303\" srcset=\"https:\/\/denizgiray.com\/wp-content\/uploads\/2025\/09\/image-65-724x1024.png 724w, https:\/\/denizgiray.com\/wp-content\/uploads\/2025\/09\/image-65-212x300.png 212w, https:\/\/denizgiray.com\/wp-content\/uploads\/2025\/09\/image-65-768x1086.png 768w, https:\/\/denizgiray.com\/wp-content\/uploads\/2025\/09\/image-65.png 957w\" sizes=\"(max-width: 724px) 100vw, 724px\" \/><\/figure>\n\n\n\n<figure class=\"wp-block-image size-large\"><img decoding=\"async\" width=\"738\" height=\"1024\" src=\"https:\/\/denizgiray.com\/wp-content\/uploads\/2025\/09\/image-66-738x1024.png\" alt=\"\" class=\"wp-image-304\" srcset=\"https:\/\/denizgiray.com\/wp-content\/uploads\/2025\/09\/image-66-738x1024.png 738w, https:\/\/denizgiray.com\/wp-content\/uploads\/2025\/09\/image-66-216x300.png 216w, https:\/\/denizgiray.com\/wp-content\/uploads\/2025\/09\/image-66-768x1066.png 768w, https:\/\/denizgiray.com\/wp-content\/uploads\/2025\/09\/image-66.png 1020w\" sizes=\"(max-width: 738px) 100vw, 738px\" \/><\/figure>\n\n\n\n<figure class=\"wp-block-image size-full\"><img loading=\"lazy\" decoding=\"async\" width=\"950\" height=\"297\" src=\"https:\/\/denizgiray.com\/wp-content\/uploads\/2025\/09\/image-67.png\" alt=\"\" class=\"wp-image-305\" srcset=\"https:\/\/denizgiray.com\/wp-content\/uploads\/2025\/09\/image-67.png 950w, https:\/\/denizgiray.com\/wp-content\/uploads\/2025\/09\/image-67-300x94.png 300w, https:\/\/denizgiray.com\/wp-content\/uploads\/2025\/09\/image-67-768x240.png 768w\" sizes=\"(max-width: 950px) 100vw, 950px\" \/><\/figure>\n","protected":false},"excerpt":{"rendered":"<p>Sat\u0131n Al\u0131m \u00d6ncesi Kond\u00fcsyon S\u00f6rveyi Yapt\u0131\u011f\u0131m\u0131z Markalar<\/p>\n","protected":false},"author":3,"featured_media":0,"parent":0,"menu_order":0,"comment_status":"closed","ping_status":"closed","template":"","meta":{"_kadence_starter_templates_imported_post":false,"_kad_post_transparent":"","_kad_post_title":"hide","_kad_post_layout":"","_kad_post_sidebar_id":"","_kad_post_content_style":"","_kad_post_vertical_padding":"","_kad_post_feature":"","_kad_post_feature_position":"","_kad_post_header":false,"_kad_post_footer":false,"footnotes":""},"class_list":["post-281","page","type-page","status-publish","hentry"],"_links":{"self":[{"href":"https:\/\/denizgiray.com\/index.php?rest_route=\/wp\/v2\/pages\/281","targetHints":{"allow":["GET"]}}],"collection":[{"href":"https:\/\/denizgiray.com\/index.php?rest_route=\/wp\/v2\/pages"}],"about":[{"href":"https:\/\/denizgiray.com\/index.php?rest_route=\/wp\/v2\/types\/page"}],"author":[{"embeddable":true,"href":"https:\/\/denizgiray.com\/index.php?rest_route=\/wp\/v2\/users\/3"}],"replies":[{"embeddable":true,"href":"https:\/\/denizgiray.com\/index.php?rest_route=%2Fwp%2Fv2%2Fcomments&post=281"}],"version-history":[{"count":5,"href":"https:\/\/denizgiray.com\/index.php?rest_route=\/wp\/v2\/pages\/281\/revisions"}],"predecessor-version":[{"id":710,"href":"https:\/\/denizgiray.com\/index.php?rest_route=\/wp\/v2\/pages\/281\/revisions\/710"}],"wp:attachment":[{"href":"https:\/\/denizgiray.com\/index.php?rest_route=%2Fwp%2Fv2%2Fmedia&parent=281"}],"curies":[{"name":"wp","href":"https:\/\/api.w.org\/{rel}","templated":true}]}}