{"id":156,"date":"2025-09-18T07:08:16","date_gmt":"2025-09-18T07:08:16","guid":{"rendered":"https:\/\/denizgiray.com\/?page_id=156"},"modified":"2026-03-07T04:49:22","modified_gmt":"2026-03-07T04:49:22","slug":"sorvey-yaptigimiz-ulkeler","status":"publish","type":"page","link":"https:\/\/denizgiray.com\/?page_id=156","title":{"rendered":"S\u00f6rvey yapt\u0131\u011f\u0131m\u0131z yerler"},"content":{"rendered":"\n<p class=\"has-theme-palette-2-color has-text-color has-link-color has-medium-font-size wp-elements-310dd28807ecfb35c2d58dbb5d4fedbe\">Yat S\u00f6rvey Yapt\u0131\u011f\u0131m\u0131z Yerler<\/p>\n\n\n\n<figure class=\"wp-block-image size-large\"><img fetchpriority=\"high\" decoding=\"async\" width=\"1024\" height=\"382\" src=\"https:\/\/denizgiray.com\/wp-content\/uploads\/2025\/09\/Harita-1024x382.png\" alt=\"\" class=\"wp-image-295\" srcset=\"https:\/\/denizgiray.com\/wp-content\/uploads\/2025\/09\/Harita-1024x382.png 1024w, https:\/\/denizgiray.com\/wp-content\/uploads\/2025\/09\/Harita-300x112.png 300w, https:\/\/denizgiray.com\/wp-content\/uploads\/2025\/09\/Harita-768x286.png 768w, https:\/\/denizgiray.com\/wp-content\/uploads\/2025\/09\/Harita-1536x573.png 1536w, https:\/\/denizgiray.com\/wp-content\/uploads\/2025\/09\/Harita.png 1690w\" sizes=\"(max-width: 1024px) 100vw, 1024px\" \/><\/figure>\n\n\n\n<p>Bug\u00fcne kadar, 8 farkl\u0131 \u00fclkede ve 79 farkl\u0131 noktada yat s\u00f6rvey hizmeti ger\u00e7ekle\u015ftirdik. \u00d6zellikle yeni teknelerin teslim edildi\u011fi \u00fclkelerde (Slovenya, \u0130talya, Fransa), defalarca s\u00f6rvey i\u00e7in bulunduk. Schengen B\u00f6lgesi&#8217;nde, ye\u015fil pasaport ile vize sorunu ya\u015famamaktay\u0131z. A\u015fa\u011f\u0131da s\u00f6rvey yapt\u0131\u011f\u0131m\u0131z t\u00fcm \u00fclke ve b\u00f6lgeleri bulabilirsiniz. <\/p>\n\n\n\n<div class=\"wp-block-group is-nowrap is-layout-flex wp-container-core-group-is-layout-ad2f72ca wp-block-group-is-layout-flex\">\n<figure class=\"wp-block-image size-full is-resized\"><img decoding=\"async\" width=\"305\" height=\"137\" src=\"https:\/\/denizgiray.com\/wp-content\/uploads\/2025\/09\/TR-1.png\" alt=\"\" class=\"wp-image-346\" style=\"width:189px;height:auto\" srcset=\"https:\/\/denizgiray.com\/wp-content\/uploads\/2025\/09\/TR-1.png 305w, https:\/\/denizgiray.com\/wp-content\/uploads\/2025\/09\/TR-1-300x135.png 300w\" sizes=\"(max-width: 305px) 100vw, 305px\" \/><\/figure>\n\n\n<p class=\"fonts-plugin-block \" style=\"font-weight: normal\"><\/p><\/div>\n\n\n<div class=\"wp-block-image\">\n<figure class=\"aligncenter size-full is-resized\"><img decoding=\"async\" width=\"1000\" height=\"750\" src=\"https:\/\/denizgiray.com\/wp-content\/uploads\/2025\/09\/IMG_4395.jpg\" alt=\"\" class=\"wp-image-476\" style=\"width:464px;height:auto\" srcset=\"https:\/\/denizgiray.com\/wp-content\/uploads\/2025\/09\/IMG_4395.jpg 1000w, https:\/\/denizgiray.com\/wp-content\/uploads\/2025\/09\/IMG_4395-300x225.jpg 300w, https:\/\/denizgiray.com\/wp-content\/uploads\/2025\/09\/IMG_4395-768x576.jpg 768w\" sizes=\"(max-width: 1000px) 100vw, 1000px\" \/><figcaption class=\"wp-element-caption\">Marint\u00fcrk G\u00f6cek Marina&#8217;da ger\u00e7ekle\u015ftirdi\u011fimiz Navetta 30 Custom Line&#8217;\u0131n s\u00f6rveyi s\u0131ras\u0131ndan bir foto\u011fraf. <\/figcaption><\/figure><\/div>\n\n<p class=\"fonts-plugin-block \" style=\"font-weight: normal\">Kalam\u0131\u015f Marina \/ \u0130stanbul<br>Marint\u00fcrk Pendik Marina \/ \u0130stanbul<br>Viaport Tuzla Marina \/ \u0130stanbul<br>Atak\u00f6y Marina \/ \u0130stanbul<br>Tarabya Marina \/ \u0130stanbul<br>\u0130stinye Marina \/ \u0130stanbul<br>B\u00fcy\u00fckada Bar\u0131na\u011f\u0131 \/ \u0130stanbul<br>Tuzla Tershaneler B\u00f6lgesi \/ \u0130stanbul<br>K\u00fc\u00e7\u00fckyal\u0131 Bal\u0131k\u00e7\u0131 Bar\u0131na\u011f\u0131 \/ \u0130stanbul<br>G\u00fczelce Marina \/ \u0130stanbul<br>West \u0130stanbul Marina \/ \u0130stanbul<br>K\u0131y\u0131 \u0130stanbul Marina \/ \u0130stanbul<br>Ye\u015filk\u00f6y Bal\u0131k\u00e7\u0131 Bar\u0131na\u011f\u0131 \/ \u0130stanbul<br>Netsel Marmaris Marina \/ Mu\u011fla<br>Mart\u0131 Marina Marmaris \/ Mu\u011fla<br>Ella Yacht Club \/ Mu\u011fla<br>Yat Marina Marmaris \/ Mu\u011fla<br>DSV Bozburun \/ Mu\u011fla<br>Port Bozburun \/ Mu\u011fla<br>Selimiye \u0130skelesi \/ Mu\u011fla<br>Turgut &#8211; Marmaris \/ Mu\u011fla<br>Albatros Marina Marmaris \/ Mu\u011fla<br>Marint\u00fcrk Village Port G\u00f6cek \/ Mu\u011fla<br>Club Marina G\u00f6cek \/ Mu\u011fla<br>Marint\u00fcrk Exclusive Marina \/ Mu\u011fla<br>D-Marin G\u00f6cek Marina \/ Mu\u011fla<br>Skopea Marina G\u00f6cek \/ Mu\u011fla<br>Fethiye Ece Saray Marina \/ Mu\u011fla<br>Fethiye Karag\u00f6zler \u00c7ekek \/ Mu\u011fla<br>Milta Marina Bodrum \/ Mu\u011fla<br>D-Marin Turgutreis Marina \/ Mu\u011fla<br>Yal\u0131kavak Marina \/ Mu\u011fla<br>T\u00fcrkb\u00fck\u00fc \u0130skelesi \/ Mu\u011fla<br>Anthevan \/ Mu\u011fla<br>G\u00f6kova \u00d6ren Marina \/ Mu\u011fla<br>Akyaka Maden \u0130skelesi \/ Mu\u011fla<br>Karacas\u00f6\u011f\u00fct \/ Mu\u011fla<br>Ka\u015f Marina \/ Antalya<br>Finike Marina \/ Antalya<br>Setur Antalya Marina \/ Antalya<br>Alanya Marina \/ Antalya<br>Serbest B\u00f6lge \/ Antalya<br>\u00c7e\u015fme Marina \/ \u0130zmir<br>Teos Marina \/ \u0130zmir<br>Il\u0131ca Marina \/ \u0130zmir<br>Urla Bal\u0131k\u00e7\u0131 Bar\u0131na\u011f\u0131 \/ \u0130zmir<br>G\u00fczelyal\u0131 Bar\u0131na\u011f\u0131 \/ \u0130zmir<br>Levent Marina \/ \u0130zmir<br>Setur Ku\u015fadas\u0131 Marina \/ Ayd\u0131n<br>D-Marin Didim Marina \/ Ayd\u0131n<br>Mersin Marina \/ Mersin<br>Setur Ayval\u0131k Marina \/ Bal\u0131kesir<br>Band\u0131rma Bal\u0131k\u00e7\u0131 Bar\u0131na\u011f\u0131 \/ Bal\u0131kesir<br>Tekirda\u011f Liman\u0131 \/ Tekirda\u011f<br>\u00c7anakkale Marina \/ \u00c7anakkale<br>Setur Yalova Marina \/ Yalova<br>Alapl\u0131 \/ Zonguldak<br>Mudanya Bal\u0131k\u00e7\u0131 Bar\u0131na\u011f\u0131 \/ Bursa<br>Trilye Bal\u0131k\u00e7\u0131 Bar\u0131na\u011f\u0131 \/ Bursa<br>Kur\u015funlu Bal\u0131k\u00e7\u0131 Bar\u0131na\u011f\u0131 \/ Bursa<br><\/p>\n\n<div class=\"wp-block-image\">\n<figure class=\"aligncenter size-full is-resized\"><img loading=\"lazy\" decoding=\"async\" width=\"1000\" height=\"750\" src=\"https:\/\/denizgiray.com\/wp-content\/uploads\/2025\/09\/IMG_4283-2.jpg\" alt=\"\" class=\"wp-image-481\" style=\"width:405px;height:auto\" srcset=\"https:\/\/denizgiray.com\/wp-content\/uploads\/2025\/09\/IMG_4283-2.jpg 1000w, https:\/\/denizgiray.com\/wp-content\/uploads\/2025\/09\/IMG_4283-2-300x225.jpg 300w, https:\/\/denizgiray.com\/wp-content\/uploads\/2025\/09\/IMG_4283-2-768x576.jpg 768w\" sizes=\"(max-width: 1000px) 100vw, 1000px\" \/><figcaption class=\"wp-element-caption\">G\u00f6cek&#8217;te Blue Game X70 s\u00f6rveyi s\u0131ras\u0131ndan bir foro\u011fraf. <\/figcaption><\/figure><\/div>\n\n\n<figure class=\"wp-block-image size-full is-resized\"><img loading=\"lazy\" decoding=\"async\" width=\"305\" height=\"137\" src=\"https:\/\/denizgiray.com\/wp-content\/uploads\/2025\/09\/Hirvatistan-yat-sorvey.png\" alt=\"\" class=\"wp-image-352\" style=\"width:197px;height:auto\" srcset=\"https:\/\/denizgiray.com\/wp-content\/uploads\/2025\/09\/Hirvatistan-yat-sorvey.png 305w, https:\/\/denizgiray.com\/wp-content\/uploads\/2025\/09\/Hirvatistan-yat-sorvey-300x135.png 300w\" sizes=\"(max-width: 305px) 100vw, 305px\" \/><\/figure>\n\n\n<p class=\"fonts-plugin-block \" style=\"font-weight: normal\">Split Marina \/ H\u0131rvatistan<br>Zadar Marina \/ H\u0131rvatistan<br>ACI Trogir Marina \/ H\u0131rvatistan<br>ACI Pula Marina \/ H\u0131rvatistan<br>D-Marin Dalma\u00e7ya \/ H\u0131rvatistan<\/p>\n\n\n<figure class=\"wp-block-image size-full is-resized\"><img loading=\"lazy\" decoding=\"async\" width=\"305\" height=\"137\" src=\"https:\/\/denizgiray.com\/wp-content\/uploads\/2025\/09\/Slovenya-Yat-Sorvey.png\" alt=\"\" class=\"wp-image-355\" style=\"width:174px;height:auto\" srcset=\"https:\/\/denizgiray.com\/wp-content\/uploads\/2025\/09\/Slovenya-Yat-Sorvey.png 305w, https:\/\/denizgiray.com\/wp-content\/uploads\/2025\/09\/Slovenya-Yat-Sorvey-300x135.png 300w\" sizes=\"(max-width: 305px) 100vw, 305px\" \/><\/figure>\n\n\n<div class=\"wp-block-image\">\n<figure class=\"aligncenter size-full is-resized\"><img loading=\"lazy\" decoding=\"async\" width=\"640\" height=\"480\" src=\"https:\/\/denizgiray.com\/wp-content\/uploads\/2025\/09\/IMG_9865.jpg\" alt=\"\" class=\"wp-image-470\" style=\"width:422px;height:auto\" srcset=\"https:\/\/denizgiray.com\/wp-content\/uploads\/2025\/09\/IMG_9865.jpg 640w, https:\/\/denizgiray.com\/wp-content\/uploads\/2025\/09\/IMG_9865-300x225.jpg 300w\" sizes=\"(max-width: 640px) 100vw, 640px\" \/><figcaption class=\"wp-element-caption\">Slovenya&#8217;da yeni teslim bir Bavaria C50&#8217;nin ilk durum s\u00f6rveyi s\u0131ras\u0131ndan bir foto\u011fraf. <\/figcaption><\/figure><\/div>\n\n\n<p>Portoroz Marina \/ Slovenya &#8211; (Bavaria, Hanse, Greenline teslim yeri)<\/p>\n\n\n\n<figure class=\"wp-block-image size-full is-resized\"><img loading=\"lazy\" decoding=\"async\" width=\"305\" height=\"137\" src=\"https:\/\/denizgiray.com\/wp-content\/uploads\/2025\/09\/Karadag-Yat-Sorvey.png\" alt=\"\" class=\"wp-image-356\" style=\"width:228px;height:auto\" srcset=\"https:\/\/denizgiray.com\/wp-content\/uploads\/2025\/09\/Karadag-Yat-Sorvey.png 305w, https:\/\/denizgiray.com\/wp-content\/uploads\/2025\/09\/Karadag-Yat-Sorvey-300x135.png 300w\" sizes=\"(max-width: 305px) 100vw, 305px\" \/><\/figure>\n\n\n<div class=\"wp-block-image\">\n<figure class=\"aligncenter size-full is-resized\"><img loading=\"lazy\" decoding=\"async\" width=\"640\" height=\"480\" src=\"https:\/\/denizgiray.com\/wp-content\/uploads\/2025\/09\/IMG_7307-1.jpg\" alt=\"\" class=\"wp-image-474\" style=\"width:451px;height:auto\" srcset=\"https:\/\/denizgiray.com\/wp-content\/uploads\/2025\/09\/IMG_7307-1.jpg 640w, https:\/\/denizgiray.com\/wp-content\/uploads\/2025\/09\/IMG_7307-1-300x225.jpg 300w\" sizes=\"(max-width: 640px) 100vw, 640px\" \/><figcaption class=\"wp-element-caption\">Montenegro&#8217;da, ikinci el bir Princess 65 s\u00f6rveyi s\u0131ras\u0131nda, Navar Shipyard&#8217;da \u00e7ekti\u011fim foto\u011fraf g\u00f6r\u00fcl\u00fcyor.<\/figcaption><\/figure><\/div>\n\n\n<p>Port Montenegro Marina \/ Montenegro <br>Navar Yacht Servis \/ Montenegro<\/p>\n\n\n\n<figure class=\"wp-block-image size-full is-resized\"><img loading=\"lazy\" decoding=\"async\" width=\"305\" height=\"137\" src=\"https:\/\/denizgiray.com\/wp-content\/uploads\/2025\/09\/Yunanistan-sorvey-yat.png\" alt=\"\" class=\"wp-image-357\" style=\"width:201px;height:auto\" srcset=\"https:\/\/denizgiray.com\/wp-content\/uploads\/2025\/09\/Yunanistan-sorvey-yat.png 305w, https:\/\/denizgiray.com\/wp-content\/uploads\/2025\/09\/Yunanistan-sorvey-yat-300x135.png 300w\" sizes=\"(max-width: 305px) 100vw, 305px\" \/><\/figure>\n\n\n\n<p>Olimpia Marina Atina \/ Yunanistan<br>Preveze Marina \/ Yunanistan<br>Rodos Marina \/ Yunanistan<br>Karaa\u011fa\u00e7 \u00c7ekek Sahas\u0131 \/ Yunanistan<br><\/p>\n\n\n\n<figure class=\"wp-block-image size-full is-resized\"><img loading=\"lazy\" decoding=\"async\" width=\"305\" height=\"137\" src=\"https:\/\/denizgiray.com\/wp-content\/uploads\/2025\/09\/Italya-Yat-Sorvey.png\" alt=\"\" class=\"wp-image-358\" style=\"width:175px;height:auto\" srcset=\"https:\/\/denizgiray.com\/wp-content\/uploads\/2025\/09\/Italya-Yat-Sorvey.png 305w, https:\/\/denizgiray.com\/wp-content\/uploads\/2025\/09\/Italya-Yat-Sorvey-300x135.png 300w\" sizes=\"(max-width: 305px) 100vw, 305px\" \/><\/figure>\n\n\n<div class=\"wp-block-image\">\n<figure class=\"aligncenter size-full is-resized\"><img loading=\"lazy\" decoding=\"async\" width=\"640\" height=\"480\" src=\"https:\/\/denizgiray.com\/wp-content\/uploads\/2025\/09\/IMG_0349.jpg\" alt=\"\" class=\"wp-image-467\" style=\"width:443px;height:auto\" srcset=\"https:\/\/denizgiray.com\/wp-content\/uploads\/2025\/09\/IMG_0349.jpg 640w, https:\/\/denizgiray.com\/wp-content\/uploads\/2025\/09\/IMG_0349-300x225.jpg 300w\" sizes=\"(max-width: 640px) 100vw, 640px\" \/><figcaption class=\"wp-element-caption\">\u0130talya&#8217;da, Riva Tershanesi&#8217;nde yeni teslim Riva Diable 68 s\u00f6rveyi s\u0131ras\u0131nda, bir foto\u011fraf g\u00f6r\u00fcl\u00fcyor. <\/figcaption><\/figure><\/div>\n\n\n<p>Cenova Marina \/ \u0130talya<br>Lavanya Marina \/ \u0130talya<br>Riva Yachts &#8211; La Spezia \/ \u0130talya <br>Trieste Marina \/ \u0130talya<br><\/p>\n\n\n\n<figure class=\"wp-block-image size-full is-resized\"><img loading=\"lazy\" decoding=\"async\" width=\"305\" height=\"137\" src=\"https:\/\/denizgiray.com\/wp-content\/uploads\/2025\/09\/Ispanya-Yat-Sorvey.png\" alt=\"\" class=\"wp-image-362\" style=\"width:159px;height:auto\" srcset=\"https:\/\/denizgiray.com\/wp-content\/uploads\/2025\/09\/Ispanya-Yat-Sorvey.png 305w, https:\/\/denizgiray.com\/wp-content\/uploads\/2025\/09\/Ispanya-Yat-Sorvey-300x135.png 300w\" sizes=\"(max-width: 305px) 100vw, 305px\" \/><\/figure>\n\n\n\n<p>Roses Marina \/ \u0130spanya<br>Alicante Marina \/ \u0130spanya<\/p>\n\n\n\n<figure class=\"wp-block-image size-full is-resized\"><img loading=\"lazy\" decoding=\"async\" width=\"305\" height=\"137\" src=\"https:\/\/denizgiray.com\/wp-content\/uploads\/2025\/09\/Fransa-Yat-Sorvey.png\" alt=\"\" class=\"wp-image-364\" style=\"width:173px;height:auto\" srcset=\"https:\/\/denizgiray.com\/wp-content\/uploads\/2025\/09\/Fransa-Yat-Sorvey.png 305w, https:\/\/denizgiray.com\/wp-content\/uploads\/2025\/09\/Fransa-Yat-Sorvey-300x135.png 300w\" sizes=\"(max-width: 305px) 100vw, 305px\" \/><\/figure>\n\n\n<div class=\"wp-block-image\">\n<figure class=\"aligncenter size-full is-resized\"><img loading=\"lazy\" decoding=\"async\" width=\"640\" height=\"360\" src=\"https:\/\/denizgiray.com\/wp-content\/uploads\/2025\/09\/D89481990CFD0D132A8B454AE57629AF.jpg\" alt=\"\" class=\"wp-image-471\" style=\"width:478px;height:auto\" srcset=\"https:\/\/denizgiray.com\/wp-content\/uploads\/2025\/09\/D89481990CFD0D132A8B454AE57629AF.jpg 640w, https:\/\/denizgiray.com\/wp-content\/uploads\/2025\/09\/D89481990CFD0D132A8B454AE57629AF-300x169.jpg 300w\" sizes=\"(max-width: 640px) 100vw, 640px\" \/><figcaption class=\"wp-element-caption\">Fransa&#8217;da yeni teslim bir Jeanneau 55&#8217;in s\u00f6rveyi s\u0131ras\u0131nda, drone ile \u00e7ekti\u011fim bir foto\u011fraf g\u00f6r\u00fcl\u00fcyor. <\/figcaption><\/figure><\/div>\n\n\n<p>Canet En Roussillon Marina \/ Fransa (Beneteau ve Jeanneau teslim yeri)<br><br><\/p>\n\n\n\n<p class=\"has-larger-font-size\">Portekiz<\/p>\n\n\n<p class=\"fonts-plugin-block \" style=\"font-weight: normal\">Setubal  \/ Portekiz<br><\/p>","protected":false},"excerpt":{"rendered":"<p>Yat S\u00f6rvey Yapt\u0131\u011f\u0131m\u0131z Yerler Bug\u00fcne kadar, 8 farkl\u0131 \u00fclkede ve 79 farkl\u0131 noktada yat s\u00f6rvey hizmeti ger\u00e7ekle\u015ftirdik. \u00d6zellikle yeni teknelerin teslim edildi\u011fi \u00fclkelerde (Slovenya, \u0130talya, Fransa), defalarca s\u00f6rvey i\u00e7in bulunduk. Schengen B\u00f6lgesi&#8217;nde, ye\u015fil pasaport ile vize sorunu ya\u015famamaktay\u0131z. A\u015fa\u011f\u0131da s\u00f6rvey yapt\u0131\u011f\u0131m\u0131z t\u00fcm \u00fclke ve b\u00f6lgeleri bulabilirsiniz. Portoroz Marina \/ Slovenya &#8211; (Bavaria, Hanse, Greenline teslim&#8230;<\/p>\n","protected":false},"author":3,"featured_media":0,"parent":0,"menu_order":0,"comment_status":"closed","ping_status":"closed","template":"","meta":{"_kadence_starter_templates_imported_post":false,"_kad_post_transparent":"","_kad_post_title":"hide","_kad_post_layout":"","_kad_post_sidebar_id":"","_kad_post_content_style":"","_kad_post_vertical_padding":"","_kad_post_feature":"","_kad_post_feature_position":"","_kad_post_header":false,"_kad_post_footer":false,"footnotes":""},"class_list":["post-156","page","type-page","status-publish","hentry"],"_links":{"self":[{"href":"https:\/\/denizgiray.com\/index.php?rest_route=\/wp\/v2\/pages\/156","targetHints":{"allow":["GET"]}}],"collection":[{"href":"https:\/\/denizgiray.com\/index.php?rest_route=\/wp\/v2\/pages"}],"about":[{"href":"https:\/\/denizgiray.com\/index.php?rest_route=\/wp\/v2\/types\/page"}],"author":[{"embeddable":true,"href":"https:\/\/denizgiray.com\/index.php?rest_route=\/wp\/v2\/users\/3"}],"replies":[{"embeddable":true,"href":"https:\/\/denizgiray.com\/index.php?rest_route=%2Fwp%2Fv2%2Fcomments&post=156"}],"version-history":[{"count":30,"href":"https:\/\/denizgiray.com\/index.php?rest_route=\/wp\/v2\/pages\/156\/revisions"}],"predecessor-version":[{"id":935,"href":"https:\/\/denizgiray.com\/index.php?rest_route=\/wp\/v2\/pages\/156\/revisions\/935"}],"wp:attachment":[{"href":"https:\/\/denizgiray.com\/index.php?rest_route=%2Fwp%2Fv2%2Fmedia&parent=156"}],"curies":[{"name":"wp","href":"https:\/\/api.w.org\/{rel}","templated":true}]}}